
Let y(u) = -3*u**2 - 79*u - 422. Determine y(-6).
-56
Let d(r) = 20*r**2 + 391*r - 48. Calculate d(-20).
132
Let d(r) = r**2 - 2*r - 15. Determine d(5).
0
Let d(p) = 29*p + 548. What is d(-19)?
-3
Let y(x) = 2*x**2 - 69*x + 68. Determine y(34).
34
Let t(c) = c**2 + 16*c + 11. Calculate t(-19).
68
Let h(z) = z**2 + 34*z + 15. Determine h(-31).
-78
Let s(i) = 551*i - 522. Give s(1).
29
Let r(t) = 3*t**3 + 16*t**2 - 17*t + 8. Determine r(-6).
38
Let c(o) = 137*o + 334. What is c(-8)?
-762
Let o(z) = 3*z**2 - 565*z - 9812. Calculate o(-16).
-4
Let k(g) = 102*g + 1425. Determine k(-14).
-3
Let v(w) = -w**3 + 6*w**2 + 18*w - 73. Calculate v(7).
4
Let f(s) = -16*s + 447. What is f(24)?
63
Let j(d) = -d**3 - 38*d**2 - 104*d - 3. Calculate j(-3).
-6
Let o(t) = -490*t - 8819. Calculate o(-18).
1
Let o(z) = -3278*z + 229458. Determine o(70).
-2
Let v(j) = 777*j - 3892. Give v(5).
-7
Let l(r) = -6*r**2 + 14*r - 2. What is l(3)?
-14
Let m(k) = 3362*k + 13434. What is m(-4)?
-14
Let h(f) = -575*f + 189182. Determine h(329).
7
Let v(w) = -21*w**2 - 1867*w + 116. Determine v(-89).
-62
Let l(j) = -j**3 + 16*j**2 + 15*j + 44. Calculate l(17).
10
Let i(x) = -120*x - 17623. Determine i(-147).
17
Let a(d) = 25*d - 356. What is a(17)?
69
Let d(k) = -812*k - 3190. Give d(-4).
58
Let w(f) = -26*f - 263. What is w(-9)?
-29
Let o(h) = -5*h**3 - 127*h**2 + 78*h - 18. Determine o(-26).
-18
Let y(s) = -s**3 - 29*s**2 - 20*s + 263. Give y(-29).
843
Let v(g) = 9*g + 196. Calculate v(-19).
25
Let x(w) = -4098*w + 331942. What is x(81)?
4
Let w(y) = 3*y**2 + 25*y - 17. Calculate w(-9).
1
Let b(o) = -86*o - 2758. What is b(-32)?
-6
Let a(r) = r**3 + 31*r**2 - 45*r + 158. What is a(-33)?
-535
Let w(a) = a**3 + 3*a**2 - 54*a - 165. Give w(-3).
-3
Let k(i) = -i**2 + 28*i + 19. What is k(28)?
19
Let i(p) = -9*p**3 - 2*p**2 + 15*p + 16. Give i(-1).
8
Let a(g) = 2*g**2 + 81*g - 3467. Give a(26).
-9
Let t(j) = -2*j**3 + 8*j**2 - 11*j + 14. Give t(7).
-357
Let y(c) = 2*c**2 - 245*c + 1437. Give y(6).
39
Let v(l) = -16*l + 286. Calculate v(-7).
398
Let f(a) = -26*a - 2488. Give f(-96).
8
Let v(q) = q**3 - 8*q**2 + 333*q - 2689. Calculate v(8).
-25
Let h(b) = 2*b**2 + 296*b + 289. What is h(-147)?
-5
Let o(p) = p**3 - 34*p**2 + 44*p - 41. Calculate o(33).
322
Let h(v) = -3*v**2 + 7*v + 10. Calculate h(6).
-56
Let s(y) = -y**3 - 20*y**2 + 13*y + 31. Give s(-1).
-1
Let z(w) = -9613*w + 105745. What is z(11)?
2
Let b(q) = 29465*q + 530366. Calculate b(-18).
-4
Let y(r) = -r**3 - 155*r**2 + 292*r + 68686. What is y(-154)?
2
Let w(y) = -2*y**2 - 19*y + 201. Determine w(6).
15
Let t(d) = 3*d**2 - 28*d - 4. What is t(18)?
464
Let f(i) = -42*i + 676. Calculate f(16).
4
Let d(h) = -h**3 - 16*h**2 - 16*h + 25. What is d(-3)?
-44
Let y(h) = 70*h - 1957. Give y(28).
3
Let v(r) = -10240*r + 40953. Determine v(4).
-7
Let c(d) = 14*d**2 + 147*d - 65. Give c(-11).
12
Let u(f) = -f**3 - 22*f**2 - 57*f + 39. What is u(-19)?
39
Let r(t) = -77*t + 2976. What is r(44)?
-412
Let o(p) = 2*p**2 + 18*p + 99. Determine o(-6).
63
Let g(k) = 2*k**2 + 345*k + 14810. Give g(-92).
-2
Let q(j) = j**3 + 3*j**2 + 8*j + 75. What is q(-5)?
-15
Let z(j) = -3*j**2 - 179*j - 141. Determine z(-58).
149
Let t(y) = -45*y - 2258. Calculate t(-50).
-8
Let s(o) = -o**2 - 29*o + 70. Calculate s(-31).
8
Let t(n) = -2*n**2 + 8732*n - 26186. What is t(3)?
-8
Let r(w) = w**3 - 23*w**2 + 59*w + 153. What is r(20)?
133
Let f(h) = h**2 + 15*h - 42. Determine f(3).
12
Let d(s) = -4*s**3 + 4*s**2 + 92. Give d(0).
92
Let y(s) = 46*s + 8. Calculate y(0).
8
Let q(l) = -l**3 - 8*l**2 + 19*l + 12. Calculate q(-8).
-140
Let i(y) = -3*y**3 - 15*y**2 + 42*y + 188. What is i(-3)?
8
Let g(f) = -1296*f - 4009. What is g(-3)?
-121
Let t(p) = -2*p**3 + 20*p**2 - 3*p + 54. Determine t(10).
24
Let k(h) = -h**3 + 22*h**2 - h - 55. Calculate k(22).
-77
Let o(r) = 3*r**2 + 177*r - 234. Determine o(-60).
-54
Let n(c) = -72*c + 92. Give n(7).
-412
Let c(p) = -p**2 - 90*p - 205. What is c(-88)?
-29
Let t(d) = 2*d**3 + 34*d**2 + 32*d - 26. Give t(-17).
-570
Let n(g) = -51*g - 767. Determine n(-16).
49
Let k(h) = -h**3 + 3*h**2 - 720*h + 3633. Calculate k(5).
-17
Let p(w) = -w**3 - 7*w**2 - 126*w - 893. Give p(-7).
-11
Let f(i) = 3*i**3 + 23*i**2 - 55*i + 15. Determine f(2).
21
Let h(k) = 16*k**3 + k**2 - 59*k + 120. What is h(2)?
134
Let f(h) = -h**2 + 36*h + 1623. What is f(-26)?
11
Let l(j) = j**3 - 46*j**2 + 85*j - 1801. Determine l(45).
-1
Let b(f) = -285*f + 863. Calculate b(3).
8
Let f(k) = -8747*k - 8757. Determine f(-1).
-10
Let z(t) = t**3 + 32*t**2 - 139*t + 180. Calculate z(-36).
0
Let p(f) = -51*f**2 - 5*f + 11. Calculate p(2).
-203
Let d(z) = 47*z + 120. Calculate d(-3).
-21
Let w(g) = g**2 - 33*g - 604. Give w(46).
-6
Let o(r) = 2*r**3 + 3*r**2 - 36*r + 124. What is o(3)?
97
Let g(w) = -2*w**3 + 55*w**2 + 20*w + 222. What is g(28)?
-2
Let f(z) = 673*z - 2008. What is f(3)?
11
Let y(p) = -4961*p + 84346. Calculate y(17).
9
Let q(x) = -3*x**3 + 25*x**2 + 8*x + 58. Give q(9).
-32
Let q(t) = 5*t**2 - 18*t - 96. What is q(-3)?
3
Let b(i) = 115*i - 2058. Give b(18).
12
Let z(q) = 17*q**2 - 147*q - 2864. What is z(18)?
-2
Let l(b) = b**3 + 2*b**2 - 10*b + 395. Give l(0).
395
Let w(b) = -b**2 - 984*b - 5841. Give w(-6).
27
Let f(q) = 325*q - 6163. Determine f(19).
12
Let n(b) = -1657*b - 14997. Determine n(-9).
-84
Let q(u) = -2*u**3 - 14*u**2 + 57*u + 323. Determine q(-8).
-5
Let y(f) = 1062*f - 149. Calculate y(0).
-149
Let h(l) = -l**3 - 6*l**2 - 4*l - 35. Give h(-5).
-40
Let y(q) = -70*q + 950. What is y(14)?
-30
Let y(v) = 10*v**2 - 71*v + 48. What is y(6)?
-18
Let m(j) = -16*j**3 + j**2 - 4*j + 4. Calculate m(2).
-128
Let c(i) = -2*i**3 + 34*i**2 - 67*i - 45. Calculate c(14).
193
Let x(a) = -a**3 + 22*a**2 + 169*a - 21. Calculate x(28).
7
Let t(v) = v**3 - 4*v**2 - 4*v - 4. Calculate t(4).
-20
Let q(j) = -j**3 + 26*j**2 - 43*j + 19. Determine q(24).
139
Let n(i) = -i**2 + 46*i + 753. Give n(59).
-14
Let u(g) = 3*g**2 + 108*g - 5943. Determine u(30).
-3
Let g(l) = 383*l - 23377. What is g(61)?
-14
Let w(o) = -1157*o - 1225. Calculate w(-1).
-68
Let u(o) = 2*o**2 + 60*o + 320. What is u(-24)?
32
Let p(m) = 65*m - 799. Give p(10).
-149
Let p(n) = -3*n**2 - 312*n + 1926. Determine p(-110).
-54
Let t(p) = 31*p - 1273. Determine t(41).
-2
Let b(j) = 5*j**3 - 20*j**2 + 2*j. Calculate b(4).
8
Let p(n) = -n**3 - 78*n**2 + 224*n + 11455. What is p(-79)?
0
Let z(n) = 2*n**3 + 21*n**2 - 176*n - 29. Calculate z(-16).
-29
Let f(k) = -6*k**2 - 99*k + 15. Give f(-14).
225
Let n(h) = h**2 + 6*h + 2. What is n(-9)?
29
Let b(v) = v**3 - 2*v**2 - 59. Calculate b(0).
-59
Let i(r) = -r**2 + 124*r - 1971. Determine i(19).
24
Let m(w) = 3*w**3 - 436*w**2 + 137*w + 1177. What is m(145)?
17
Let x(r) = -r**3 - 168*r**2 - 163*r + 640. Calculate x(-167).
-28
Let m(g) = g - 55. Determine m(146).
91
Let o(m) = 4*m**2 + 134*m + 566. What is o(-5)?
-4
Let a(n) = n**3 - 8*n**2 - 5*n - 15. Determine a(9).
21
Let h(c) = c**2 + 53*c + 373. What is h(-49)?
177
Let r(t) = -311*t - 208. Give r(0).
-208
Let x(k) = -162*k + 4205. What is x(26)?
-7
Let j(g) = -366*g - 23. What is j(-1)?
343
Let z(h) = h**3 + 19*h**2 + 78*h + 11. Give z(-6).
11
Let v(k) = 19*k + 141. Give v(-5).
46
Let q(v) = -25193*v + 277116. Determine q(11).
-7
Let n(p) = p**3 + 6*p**2 + 2*p + 24. What is n(5)?
309
Let m(b) = -210*b + 2329. Determine m(12).
-191
Let j(h) = -h**3 - 10*h**2 + 23*h + 21. Determine j(-12).
33
Let w(i) = -71*i - 958. Calculate w(-12).
-106
Let g(d) = d**3 + 2*d**2 - 26*d + 125. Calculate g(-5).
180
Let l(d) = 37*d + 778. What is l(-23)?
-73
Let t(h) = h**2 + 653*h - 21206. Determine t(31).
-2
Let b(q) = 7*q**2 + 64*q - 30. Give b(-13).
321
Let q(m) = 34*m + 64. What is q(3)?
166
Let k(q) = -q**2 + 5981*q + 3. Give k(0).
3
Let u(t) = 14*t**3 + 2*t**2 + 9*t. Calculate u(3).
423
Let i(g) = 656*g + 10. Give i(0).
10
Let z(v) = 3*v - 182. Determine z(97).
109
Let o(g) = g**3 + 42*g**2 - 3*g + 1713. Calculate o(-43).
-7
Let u(i) = -34*i + 423. Calculate u(13).
-19
Let h(i) = 8*i**2 - 38*i - 14. What is h(10)?
406
Let z(u) = 17*u + 1551. Determine z(-91).
4
Let a(n) = -653*n + 5898. What is a(9)?
21
Let j(x) = -2*x**3 + 11*x**2 - 22*x + 71. Give j(5).
-14
Let t(v) = -555*v + 2962. What is t(5)?
1